[INFO] cloning repository https://github.com/SuperFluffyGame/wasm-lang
[INFO] running `Command { std: "git" "-c" "credential.helper=" "-c" "credential.helper=/workspace/cargo-home/bin/git-credential-null" "clone" "--bare" "https://github.com/SuperFluffyGame/wasm-lang" "/workspace/cache/git-repos/https%3A%2F%2Fgithub.com%2FSuperFluffyGame%2Fwasm-lang", kill_on_drop: false }`
[INFO] [stderr] Cloning into bare repository '/workspace/cache/git-repos/https%3A%2F%2Fgithub.com%2FSuperFluffyGame%2Fwasm-lang'...
[INFO] running `Command { std: "git" "rev-parse" "HEAD", kill_on_drop: false }`
[INFO] [stdout] d93e32bc5ddd9013eec0695312af1e6f58c90645
[INFO] checking SuperFluffyGame/wasm-lang against master#e6e4f7ed1589e03bc2f6c5931c1a72e7947e8682 for beta-170-4
[INFO] running `Command { std: "git" "clone" "/workspace/cache/git-repos/https%3A%2F%2Fgithub.com%2FSuperFluffyGame%2Fwasm-lang" "/workspace/builds/worker-7-tc2/source", kill_on_drop: false }`
[INFO] [stderr] Cloning into '/workspace/builds/worker-7-tc2/source'...
[INFO] [stderr] done.
[INFO] validating manifest of git repo https://github.com/SuperFluffyGame/wasm-lang on toolchain e6e4f7ed1589e03bc2f6c5931c1a72e7947e8682
[INFO] running `Command { std: CARGO_HOME="/workspace/cargo-home" RUSTUP_HOME="/workspace/rustup-home" "/workspace/cargo-home/bin/cargo" "+e6e4f7ed1589e03bc2f6c5931c1a72e7947e8682" "metadata" "--manifest-path" "Cargo.toml" "--no-deps", kill_on_drop: false }`
[INFO] started tweaking git repo https://github.com/SuperFluffyGame/wasm-lang
[INFO] finished tweaking git repo https://github.com/SuperFluffyGame/wasm-lang
[INFO] tweaked toml for git repo https://github.com/SuperFluffyGame/wasm-lang written to /workspace/builds/worker-7-tc2/source/Cargo.toml
[INFO] crate git repo https://github.com/SuperFluffyGame/wasm-lang already has a lockfile, it will not be regenerated
[INFO] running `Command { std: CARGO_HOME="/workspace/cargo-home" RUSTUP_HOME="/workspace/rustup-home" "/workspace/cargo-home/bin/cargo" "+e6e4f7ed1589e03bc2f6c5931c1a72e7947e8682" "fetch" "--manifest-path" "Cargo.toml", kill_on_drop: false }`
[INFO] running `Command { std: "docker" "create" "-v" "/var/lib/crater-agent-workspace/builds/worker-7-tc2/target:/opt/rustwide/target:rw,Z" "-v" "/var/lib/crater-agent-workspace/builds/worker-7-tc2/source:/opt/rustwide/workdir:ro,Z" "-v" "/var/lib/crater-agent-workspace/cargo-home:/opt/rustwide/cargo-home:ro,Z" "-v" "/var/lib/crater-agent-workspace/rustup-home:/opt/rustwide/rustup-home:ro,Z" "-e" "SOURCE_DIR=/opt/rustwide/workdir" "-e" "CARGO_TARGET_DIR=/opt/rustwide/target" "-e" "CARGO_HOME=/opt/rustwide/cargo-home" "-e" "RUSTUP_HOME=/opt/rustwide/rustup-home" "-w" "/opt/rustwide/workdir" "-m" "1610612736" "--user" "0:0" "--network" "none" "ghcr.io/rust-lang/crates-build-env/linux@sha256:19e73879b68f455e41552ea35293514db52ea292d993f571636dbffedb77a1ee" "/opt/rustwide/cargo-home/bin/cargo" "+e6e4f7ed1589e03bc2f6c5931c1a72e7947e8682" "metadata" "--no-deps" "--format-version=1", kill_on_drop: false }`
[INFO] [stdout] 49f9f2dd27c0f87cc8c78efccf5361a74f02a8edd53f6fe1727a1e21fd956809
[INFO] running `Command { std: "docker" "start" "-a" "49f9f2dd27c0f87cc8c78efccf5361a74f02a8edd53f6fe1727a1e21fd956809", kill_on_drop: false }`
[INFO] running `Command { std: "docker" "inspect" "49f9f2dd27c0f87cc8c78efccf5361a74f02a8edd53f6fe1727a1e21fd956809", kill_on_drop: false }`
[INFO] running `Command { std: "docker" "rm" "-f" "49f9f2dd27c0f87cc8c78efccf5361a74f02a8edd53f6fe1727a1e21fd956809", kill_on_drop: false }`
[INFO] [stdout] 49f9f2dd27c0f87cc8c78efccf5361a74f02a8edd53f6fe1727a1e21fd956809
[INFO] running `Command { std: "docker" "create" "-v" "/var/lib/crater-agent-workspace/builds/worker-7-tc2/target:/opt/rustwide/target:rw,Z" "-v" "/var/lib/crater-agent-workspace/builds/worker-7-tc2/source:/opt/rustwide/workdir:ro,Z" "-v" "/var/lib/crater-agent-workspace/cargo-home:/opt/rustwide/cargo-home:ro,Z" "-v" "/var/lib/crater-agent-workspace/rustup-home:/opt/rustwide/rustup-home:ro,Z" "-e" "SOURCE_DIR=/opt/rustwide/workdir" "-e" "CARGO_TARGET_DIR=/opt/rustwide/target" "-e" "CARGO_INCREMENTAL=0" "-e" "RUST_BACKTRACE=full" "-e" "RUSTFLAGS=--cap-lints=forbid" "-e" "RUSTDOCFLAGS=--cap-lints=forbid" "-e" "CARGO_HOME=/opt/rustwide/cargo-home" "-e" "RUSTUP_HOME=/opt/rustwide/rustup-home" "-w" "/opt/rustwide/workdir" "-m" "1610612736" "--user" "0:0" "--network" "none" "ghcr.io/rust-lang/crates-build-env/linux@sha256:19e73879b68f455e41552ea35293514db52ea292d993f571636dbffedb77a1ee" "/opt/rustwide/cargo-home/bin/cargo" "+e6e4f7ed1589e03bc2f6c5931c1a72e7947e8682" "check" "--frozen" "--all" "--all-targets" "--message-format=json", kill_on_drop: false }`
[INFO] [stdout] cba6e8db82258ead55c9d86da75d9be88abb7db5a7ee51abc8c0ac690fbf25ef
[INFO] running `Command { std: "docker" "start" "-a" "cba6e8db82258ead55c9d86da75d9be88abb7db5a7ee51abc8c0ac690fbf25ef", kill_on_drop: false }`
[INFO] [stderr]     Checking leb128 v0.2.5
[INFO] [stderr]     Checking wasm-lang v0.1.0 (/opt/rustwide/workdir)
[INFO] [stdout] error[E0308]: mismatched types
[INFO] [stdout]   --> src/parser/parser/expr.rs:98:44
[INFO] [stdout]    |
[INFO] [stdout] 98 |         match_tok_single!(S; self; lb_tok; Expects::LBrace; LBrace => {
[INFO] [stdout]    |                                            ^^^^^^^^^^^^^^^ expected `Vec<Expects>`, found `Expects`
[INFO] [stdout]    |
[INFO] [stdout]   ::: src/parser/parser.rs:52:16
[INFO] [stdout]    |
[INFO] [stdout] 52 |             t: $crate::parser::parser::ParserErrorType::ExpectedButGot($expects, $tok.t),
[INFO] [stdout]    |                ------------------------------------------------------- arguments to this enum variant are incorrect
[INFO] [stdout]    |
[INFO] [stdout]    = note: expected struct `Vec<Expects>`
[INFO] [stdout]                 found enum `Expects`
[INFO] [stdout] note: tuple variant defined here
[INFO] [stdout]   --> src/parser/parser.rs:12:5
[INFO] [stdout]    |
[INFO] [stdout] 12 |     ExpectedButGot(Vec<Expects>, TokenType),
[INFO] [stdout]    |     ^^^^^^^^^^^^^^
[INFO] [stdout] 
[INFO] [stdout] 
[INFO] [stdout] error[E0308]: mismatched types
[INFO] [stdout]   --> src/parser/parser/expr.rs:98:44
[INFO] [stdout]    |
[INFO] [stdout] 98 |         match_tok_single!(S; self; lb_tok; Expects::LBrace; LBrace => {
[INFO] [stdout]    |                                            ^^^^^^^^^^^^^^^ expected `Vec<Expects>`, found `Expects`
[INFO] [stdout]    |
[INFO] [stdout]   ::: src/parser/parser.rs:52:16
[INFO] [stdout]    |
[INFO] [stdout] 52 |             t: $crate::parser::parser::ParserErrorType::ExpectedButGot($expects, $tok.t),
[INFO] [stdout]    |                ------------------------------------------------------- arguments to this enum variant are incorrect
[INFO] [stdout]    |
[INFO] [stdout]    = note: expected struct `Vec<Expects>`
[INFO] [stdout]                 found enum `Expects`
[INFO] [stdout] note: tuple variant defined here
[INFO] [stdout]   --> src/parser/parser.rs:12:5
[INFO] [stdout]    |
[INFO] [stdout] 12 |     ExpectedButGot(Vec<Expects>, TokenType),
[INFO] [stdout]    |     ^^^^^^^^^^^^^^
[INFO] [stdout] 
[INFO] [stdout] 
[INFO] [stdout] error[E0308]: mismatched types
[INFO] [stdout]    --> src/parser/parser/expr.rs:129:49
[INFO] [stdout]     |
[INFO] [stdout] 129 |                 match_tok_single!(E; self; tok; Expects::RParen; RParen => {
[INFO] [stdout]     |                                                 ^^^^^^^^^^^^^^^ expected `Vec<Expects>`, found `Expects`
[INFO] [stdout]     |
[INFO] [stdout]    ::: src/parser/parser.rs:40:16
[INFO] [stdout]     |
[INFO] [stdout] 40  |             t: $crate::parser::parser::ParserErrorType::ExpectedButGot($expects, $tok.t),
[INFO] [stdout]     |                ------------------------------------------------------- arguments to this enum variant are incorrect
[INFO] [stdout]     |
[INFO] [stdout]     = note: expected struct `Vec<Expects>`
[INFO] [stdout]                  found enum `Expects`
[INFO] [stdout] note: tuple variant defined here
[INFO] [stdout]    --> src/parser/parser.rs:12:5
[INFO] [stdout]     |
[INFO] [stdout] 12  |     ExpectedButGot(Vec<Expects>, TokenType),
[INFO] [stdout]     |     ^^^^^^^^^^^^^^
[INFO] [stdout] 
[INFO] [stdout] 
[INFO] [stdout] error[E0308]: mismatched types
[INFO] [stdout]    --> src/parser/parser/expr.rs:129:49
[INFO] [stdout]     |
[INFO] [stdout] 129 |                 match_tok_single!(E; self; tok; Expects::RParen; RParen => {
[INFO] [stdout]     |                                                 ^^^^^^^^^^^^^^^ expected `Vec<Expects>`, found `Expects`
[INFO] [stdout]     |
[INFO] [stdout]    ::: src/parser/parser.rs:40:16
[INFO] [stdout]     |
[INFO] [stdout] 40  |             t: $crate::parser::parser::ParserErrorType::ExpectedButGot($expects, $tok.t),
[INFO] [stdout]     |                ------------------------------------------------------- arguments to this enum variant are incorrect
[INFO] [stdout]     |
[INFO] [stdout]     = note: expected struct `Vec<Expects>`
[INFO] [stdout]                  found enum `Expects`
[INFO] [stdout] note: tuple variant defined here
[INFO] [stdout]    --> src/parser/parser.rs:12:5
[INFO] [stdout]     |
[INFO] [stdout] 12  |     ExpectedButGot(Vec<Expects>, TokenType),
[INFO] [stdout]     |     ^^^^^^^^^^^^^^
[INFO] [stdout] 
[INFO] [stdout] 
[INFO] [stdout] error[E0308]: mismatched types
[INFO] [stdout]   --> src/parser/parser/stmts.rs:13:45
[INFO] [stdout]    |
[INFO] [stdout] 13 |             match_tok_single!(S; self; tok; Expects::Semi; Semi => Stmt::new(StmtType::Let(i, e), ltok.line, ltok.col))
[INFO] [stdout]    |                                             ^^^^^^^^^^^^^ expected `Vec<Expects>`, found `Expects`
[INFO] [stdout]    |
[INFO] [stdout]   ::: src/parser/parser.rs:52:16
[INFO] [stdout]    |
[INFO] [stdout] 52 |             t: $crate::parser::parser::ParserErrorType::ExpectedButGot($expects, $tok.t),
[INFO] [stdout]    |                ------------------------------------------------------- arguments to this enum variant are incorrect
[INFO] [stdout]    |
[INFO] [stdout]    = note: expected struct `Vec<Expects>`
[INFO] [stdout]                 found enum `Expects`
[INFO] [stdout] note: tuple variant defined here
[INFO] [stdout]   --> src/parser/parser.rs:12:5
[INFO] [stdout]    |
[INFO] [stdout] 12 |     ExpectedButGot(Vec<Expects>, TokenType),
[INFO] [stdout]    |     ^^^^^^^^^^^^^^
[INFO] [stdout] 
[INFO] [stdout] 
[INFO] [stdout] error[E0308]: mismatched types
[INFO] [stdout]   --> src/parser/parser/stmts.rs:11:41
[INFO] [stdout]    |
[INFO] [stdout] 11 |         match_tok_single!(S; self; tok; Expects::Equal; Equal =>{
[INFO] [stdout]    |                                         ^^^^^^^^^^^^^^ expected `Vec<Expects>`, found `Expects`
[INFO] [stdout]    |
[INFO] [stdout]   ::: src/parser/parser.rs:52:16
[INFO] [stdout]    |
[INFO] [stdout] 52 |             t: $crate::parser::parser::ParserErrorType::ExpectedButGot($expects, $tok.t),
[INFO] [stdout]    |                ------------------------------------------------------- arguments to this enum variant are incorrect
[INFO] [stdout]    |
[INFO] [stdout]    = note: expected struct `Vec<Expects>`
[INFO] [stdout]                 found enum `Expects`
[INFO] [stdout] note: tuple variant defined here
[INFO] [stdout]   --> src/parser/parser.rs:12:5
[INFO] [stdout]    |
[INFO] [stdout] 12 |     ExpectedButGot(Vec<Expects>, TokenType),
[INFO] [stdout]    |     ^^^^^^^^^^^^^^
[INFO] [stdout] 
[INFO] [stdout] 
[INFO] [stdout] error[E0308]: mismatched types
[INFO] [stdout]   --> src/parser/parser/stmts.rs:13:45
[INFO] [stdout]    |
[INFO] [stdout] 13 |             match_tok_single!(S; self; tok; Expects::Semi; Semi => Stmt::new(StmtType::Let(i, e), ltok.line, ltok.col))
[INFO] [stdout]    |                                             ^^^^^^^^^^^^^ expected `Vec<Expects>`, found `Expects`
[INFO] [stdout]    |
[INFO] [stdout]   ::: src/parser/parser.rs:52:16
[INFO] [stdout]    |
[INFO] [stdout] 52 |             t: $crate::parser::parser::ParserErrorType::ExpectedButGot($expects, $tok.t),
[INFO] [stdout]    |                ------------------------------------------------------- arguments to this enum variant are incorrect
[INFO] [stdout]    |
[INFO] [stdout]    = note: expected struct `Vec<Expects>`
[INFO] [stdout]                 found enum `Expects`
[INFO] [stdout] note: tuple variant defined here
[INFO] [stdout]   --> src/parser/parser.rs:12:5
[INFO] [stdout]    |
[INFO] [stdout] 12 |     ExpectedButGot(Vec<Expects>, TokenType),
[INFO] [stdout]    |     ^^^^^^^^^^^^^^
[INFO] [stdout] 
[INFO] [stdout] 
[INFO] [stdout] error[E0308]: mismatched types
[INFO] [stdout]   --> src/parser/parser/stmts.rs:10:41
[INFO] [stdout]    |
[INFO] [stdout] 10 |         match_tok_single!(S; self; tok; Expects::Ident; Ident(i) =>
[INFO] [stdout]    |                                         ^^^^^^^^^^^^^^ expected `Vec<Expects>`, found `Expects`
[INFO] [stdout]    |
[INFO] [stdout]   ::: src/parser/parser.rs:52:16
[INFO] [stdout]    |
[INFO] [stdout] 52 |             t: $crate::parser::parser::ParserErrorType::ExpectedButGot($expects, $tok.t),
[INFO] [stdout]    |                ------------------------------------------------------- arguments to this enum variant are incorrect
[INFO] [stdout]    |
[INFO] [stdout]    = note: expected struct `Vec<Expects>`
[INFO] [stdout]                 found enum `Expects`
[INFO] [stdout] note: tuple variant defined here
[INFO] [stdout]   --> src/parser/parser.rs:12:5
[INFO] [stdout]    |
[INFO] [stdout] 12 |     ExpectedButGot(Vec<Expects>, TokenType),
[INFO] [stdout]    |     ^^^^^^^^^^^^^^
[INFO] [stdout] 
[INFO] [stdout] 
[INFO] [stdout] error[E0308]: mismatched types
[INFO] [stdout]   --> src/parser/parser/stmts.rs:11:41
[INFO] [stdout]    |
[INFO] [stdout] 11 |         match_tok_single!(S; self; tok; Expects::Equal; Equal =>{
[INFO] [stdout]    |                                         ^^^^^^^^^^^^^^ expected `Vec<Expects>`, found `Expects`
[INFO] [stdout]    |
[INFO] [stdout]   ::: src/parser/parser.rs:52:16
[INFO] [stdout]    |
[INFO] [stdout] 52 |             t: $crate::parser::parser::ParserErrorType::ExpectedButGot($expects, $tok.t),
[INFO] [stdout]    |                ------------------------------------------------------- arguments to this enum variant are incorrect
[INFO] [stdout]    |
[INFO] [stdout]    = note: expected struct `Vec<Expects>`
[INFO] [stdout]                 found enum `Expects`
[INFO] [stdout] note: tuple variant defined here
[INFO] [stdout]   --> src/parser/parser.rs:12:5
[INFO] [stdout]    |
[INFO] [stdout] 12 |     ExpectedButGot(Vec<Expects>, TokenType),
[INFO] [stdout]    |     ^^^^^^^^^^^^^^
[INFO] [stdout] 
[INFO] [stdout] 
[INFO] [stdout] error[E0308]: mismatched types
[INFO] [stdout]   --> src/parser/parser/stmts.rs:9:42
[INFO] [stdout]    |
[INFO] [stdout] 9  |         match_tok_single!(S; self; ltok; Expects::Let; KwLet =>
[INFO] [stdout]    |                                          ^^^^^^^^^^^^ expected `Vec<Expects>`, found `Expects`
[INFO] [stdout]    |
[INFO] [stdout]   ::: src/parser/parser.rs:52:16
[INFO] [stdout]    |
[INFO] [stdout] 52 |             t: $crate::parser::parser::ParserErrorType::ExpectedButGot($expects, $tok.t),
[INFO] [stdout]    |                ------------------------------------------------------- arguments to this enum variant are incorrect
[INFO] [stdout]    |
[INFO] [stdout]    = note: expected struct `Vec<Expects>`
[INFO] [stdout]                 found enum `Expects`
[INFO] [stdout] note: tuple variant defined here
[INFO] [stdout]   --> src/parser/parser.rs:12:5
[INFO] [stdout]    |
[INFO] [stdout] 12 |     ExpectedButGot(Vec<Expects>, TokenType),
[INFO] [stdout]    |     ^^^^^^^^^^^^^^
[INFO] [stdout] 
[INFO] [stdout] 
[INFO] [stdout] error[E0308]: mismatched types
[INFO] [stdout]   --> src/parser/parser/stmts.rs:10:41
[INFO] [stdout]    |
[INFO] [stdout] 10 |         match_tok_single!(S; self; tok; Expects::Ident; Ident(i) =>
[INFO] [stdout]    |                                         ^^^^^^^^^^^^^^ expected `Vec<Expects>`, found `Expects`
[INFO] [stdout]    |
[INFO] [stdout]   ::: src/parser/parser.rs:52:16
[INFO] [stdout]    |
[INFO] [stdout] 52 |             t: $crate::parser::parser::ParserErrorType::ExpectedButGot($expects, $tok.t),
[INFO] [stdout]    |                ------------------------------------------------------- arguments to this enum variant are incorrect
[INFO] [stdout]    |
[INFO] [stdout]    = note: expected struct `Vec<Expects>`
[INFO] [stdout]                 found enum `Expects`
[INFO] [stdout] note: tuple variant defined here
[INFO] [stdout]   --> src/parser/parser.rs:12:5
[INFO] [stdout]    |
[INFO] [stdout] 12 |     ExpectedButGot(Vec<Expects>, TokenType),
[INFO] [stdout]    |     ^^^^^^^^^^^^^^
[INFO] [stdout] 
[INFO] [stdout] 
[INFO] [stdout] error[E0061]: this method takes 0 arguments but 1 argument was supplied
[INFO] [stdout]   --> src/parser/parser/stmts.rs:26:37
[INFO] [stdout]    |
[INFO] [stdout] 26 |             TokenType::KwFn => self.fn_decl_stmt(vec![Expects::Stmt]),
[INFO] [stdout]    |                                     ^^^^^^^^^^^^ -------------------
[INFO] [stdout]    |                                                  |
[INFO] [stdout]    |                                                  unexpected argument of type `Vec<Expects>`
[INFO] [stdout]    |                                                  help: remove the extra argument
[INFO] [stdout]    |
[INFO] [stdout] note: method defined here
[INFO] [stdout]   --> src/parser/parser/stmts.rs:17:8
[INFO] [stdout]    |
[INFO] [stdout] 17 |     fn fn_decl_stmt(&mut self) -> Stmt {
[INFO] [stdout]    |        ^^^^^^^^^^^^
[INFO] [stdout] 
[INFO] [stdout] 
[INFO] [stdout] error[E0308]: mismatched types
[INFO] [stdout]   --> src/parser/parser/stmts.rs:9:42
[INFO] [stdout]    |
[INFO] [stdout] 9  |         match_tok_single!(S; self; ltok; Expects::Let; KwLet =>
[INFO] [stdout]    |                                          ^^^^^^^^^^^^ expected `Vec<Expects>`, found `Expects`
[INFO] [stdout]    |
[INFO] [stdout]   ::: src/parser/parser.rs:52:16
[INFO] [stdout]    |
[INFO] [stdout] 52 |             t: $crate::parser::parser::ParserErrorType::ExpectedButGot($expects, $tok.t),
[INFO] [stdout]    |                ------------------------------------------------------- arguments to this enum variant are incorrect
[INFO] [stdout]    |
[INFO] [stdout]    = note: expected struct `Vec<Expects>`
[INFO] [stdout]                 found enum `Expects`
[INFO] [stdout] note: tuple variant defined here
[INFO] [stdout]   --> src/parser/parser.rs:12:5
[INFO] [stdout]    |
[INFO] [stdout] 12 |     ExpectedButGot(Vec<Expects>, TokenType),
[INFO] [stdout]    |     ^^^^^^^^^^^^^^
[INFO] [stdout] 
[INFO] [stdout] 
[INFO] [stdout] error[E0061]: this method takes 0 arguments but 1 argument was supplied
[INFO] [stdout]   --> src/parser/parser/stmts.rs:26:37
[INFO] [stdout]    |
[INFO] [stdout] 26 |             TokenType::KwFn => self.fn_decl_stmt(vec![Expects::Stmt]),
[INFO] [stdout]    |                                     ^^^^^^^^^^^^ -------------------
[INFO] [stdout]    |                                                  |
[INFO] [stdout]    |                                                  unexpected argument of type `Vec<Expects>`
[INFO] [stdout]    |                                                  help: remove the extra argument
[INFO] [stdout]    |
[INFO] [stdout] note: method defined here
[INFO] [stdout]   --> src/parser/parser/stmts.rs:17:8
[INFO] [stdout]    |
[INFO] [stdout] 17 |     fn fn_decl_stmt(&mut self) -> Stmt {
[INFO] [stdout]    |        ^^^^^^^^^^^^
[INFO] [stdout] 
[INFO] [stdout] 
[INFO] [stdout] error[E0308]: mismatched types
[INFO] [stdout]   --> src/parser/parser/stmts.rs:31:49
[INFO] [stdout]    |
[INFO] [stdout] 31 |                 match_tok_single!(S; self; tok; Expects::Semi; Semi => {
[INFO] [stdout]    |                                                 ^^^^^^^^^^^^^ expected `Vec<Expects>`, found `Expects`
[INFO] [stdout]    |
[INFO] [stdout]   ::: src/parser/parser.rs:52:16
[INFO] [stdout]    |
[INFO] [stdout] 52 |             t: $crate::parser::parser::ParserErrorType::ExpectedButGot($expects, $tok.t),
[INFO] [stdout]    |                ------------------------------------------------------- arguments to this enum variant are incorrect
[INFO] [stdout]    |
[INFO] [stdout]    = note: expected struct `Vec<Expects>`
[INFO] [stdout]                 found enum `Expects`
[INFO] [stdout] note: tuple variant defined here
[INFO] [stdout]   --> src/parser/parser.rs:12:5
[INFO] [stdout]    |
[INFO] [stdout] 12 |     ExpectedButGot(Vec<Expects>, TokenType),
[INFO] [stdout]    |     ^^^^^^^^^^^^^^
[INFO] [stdout] 
[INFO] [stdout] 
[INFO] [stdout] error[E0308]: mismatched types
[INFO] [stdout]   --> src/parser/parser/stmts.rs:31:49
[INFO] [stdout]    |
[INFO] [stdout] 31 |                 match_tok_single!(S; self; tok; Expects::Semi; Semi => {
[INFO] [stdout]    |                                                 ^^^^^^^^^^^^^ expected `Vec<Expects>`, found `Expects`
[INFO] [stdout]    |
[INFO] [stdout]   ::: src/parser/parser.rs:52:16
[INFO] [stdout]    |
[INFO] [stdout] 52 |             t: $crate::parser::parser::ParserErrorType::ExpectedButGot($expects, $tok.t),
[INFO] [stdout]    |                ------------------------------------------------------- arguments to this enum variant are incorrect
[INFO] [stdout]    |
[INFO] [stdout]    = note: expected struct `Vec<Expects>`
[INFO] [stdout]                 found enum `Expects`
[INFO] [stdout] note: tuple variant defined here
[INFO] [stdout]   --> src/parser/parser.rs:12:5
[INFO] [stdout]    |
[INFO] [stdout] 12 |     ExpectedButGot(Vec<Expects>, TokenType),
[INFO] [stdout]    |     ^^^^^^^^^^^^^^
[INFO] [stdout] 
[INFO] [stdout] 
[INFO] [stdout] error: aborting due to 8 previous errors
[INFO] [stdout] 
[INFO] [stdout] 
[INFO] [stdout] Some errors have detailed explanations: E0061, E0308.
[INFO] [stdout] 
[INFO] [stdout] For more information about an error, try `rustc --explain E0061`.
[INFO] [stdout] 
[INFO] [stdout] error: aborting due to 8 previous errors
[INFO] [stdout] 
[INFO] [stdout] 
[INFO] [stdout] Some errors have detailed explanations: E0061, E0308.
[INFO] [stdout] 
[INFO] [stdout] For more information about an error, try `rustc --explain E0061`.
[INFO] [stdout] 
[INFO] [stderr] error: could not compile `wasm-lang` (lib) due to 9 previous errors
[INFO] [stderr] warning: build failed, waiting for other jobs to finish...
[INFO] [stderr] error: could not compile `wasm-lang` (lib test) due to 9 previous errors
[INFO] running `Command { std: "docker" "inspect" "cba6e8db82258ead55c9d86da75d9be88abb7db5a7ee51abc8c0ac690fbf25ef", kill_on_drop: false }`
[INFO] running `Command { std: "docker" "rm" "-f" "cba6e8db82258ead55c9d86da75d9be88abb7db5a7ee51abc8c0ac690fbf25ef", kill_on_drop: false }`
[INFO] [stdout] cba6e8db82258ead55c9d86da75d9be88abb7db5a7ee51abc8c0ac690fbf25ef
